{"id":11,"date":"2026-02-17T23:13:41","date_gmt":"2026-02-17T22:13:41","guid":{"rendered":"https:\/\/geostudio.net.pl\/?page_id=11"},"modified":"2026-02-18T00:05:21","modified_gmt":"2026-02-17T23:05:21","slug":"strona-powitalna","status":"publish","type":"page","link":"https:\/\/geostudio.net.pl\/","title":{"rendered":"Strona powitalna"},"content":{"rendered":"\n<div class=\"wp-block-cover alignfull is-light has-parallax has-accent-1-color has-text-color has-link-color wp-elements-8cc7bf16afa6f4f6b7c1e4338f49f626\" style=\"margin-top:0;margin-bottom:0;padding-top:200px;padding-right:var(--wp--preset--spacing--50);padding-bottom:200px;padding-left:var(--wp--preset--spacing--50);min-height:100vh;aspect-ratio:unset;\"><div class=\"wp-block-cover__image-background wp-image-14 size-full has-parallax\" style=\"background-position:50% 50%;background-image:url(https:\/\/geostudio.net.pl\/wp-content\/uploads\/2026\/02\/cropped-wiertnia_nasyp_duzy.jpg)\"><\/div><span aria-hidden=\"true\" class=\"wp-block-cover__background has-background-dim-10 has-background-dim\" style=\"background-color:#a3b2c7\"><\/span><div class=\"wp-block-cover__inner-container has-global-padding is-layout-constrained wp-container-core-cover-is-layout-d47c59a2 wp-block-cover-is-layout-constrained\">\n<h3 class=\"wp-block-heading has-text-align-center is-style-text-subtitle has-text-color has-background has-link-color has-xx-large-font-size wp-elements-86814222bf07d415ba3502d412784a41 is-style-text-subtitle--1\" style=\"color:#ffffff8a;background-color:#3636364d\"><strong>Witamy<\/strong><\/h3>\n\n\n\n<p class=\"has-text-align-center has-text-color has-background has-link-color wp-elements-f81384c8cba9fe2fbc9f4763588b68cd\" style=\"color:#ffffff;background-color:#4444444d\"><strong>Zapraszamy do zapoznania si\u0119 z ofert\u0105 naszej firmy.<\/strong><\/p>\n\n\n\n<p class=\"has-text-color has-background has-link-color wp-elements-5e31bfb8866361b57a119f4c6b14b767\" style=\"color:#ffffff;background-color:#4a4a4a4d\"><strong>Firma GEOSTUDIO od ponad 20 lat oferuje wykonywanie bada\u0144 pod\u0142o\u017ca, bada\u0144 laboratoryjnych oraz opracowa\u0144 wynik\u00f3w bada\u0144 terenowych.<\/strong><\/p>\n\n\n\n<p class=\"has-text-color has-background has-link-color wp-elements-3f4cbaa7487ed729868d140d69775e69\" style=\"color:#ffffff;background-color:#4646464d\">F<strong>irma oferuje zar\u00f3wno rozwi\u0105zania dla biur projektowych, jak r\u00f3wnie\u017c podmiot\u00f3w publicznych czy os\u00f3b prywatnych.<\/strong><\/p>\n\n\n\n<div class=\"wp-block-buttons is-content-justification-center is-layout-flex wp-container-core-buttons-is-layout-a89b3969 wp-block-buttons-is-layout-flex\"><\/div>\n<\/div><\/div>\n","protected":false},"excerpt":{"rendered":"","protected":false},"author":1,"featured_media":0,"parent":0,"menu_order":0,"comment_status":"closed","ping_status":"closed","template":"","meta":{"footnotes":""},"class_list":["post-11","page","type-page","status-publish","hentry"],"yoast_head":"<!-- This site is optimized with the Yoast SEO plugin v27.0 - https:\/\/yoast.com\/product\/yoast-seo-wordpress\/ -->\n<title>Strona powitalna - GEOSTUDIO Studio geotechniki, geologii-in\u017cynierskiej i hydrogeologii<\/title>\n<meta name=\"robots\" content=\"index, follow, max-snippet:-1, max-image-preview:large, max-video-preview:-1\" \/>\n<link rel=\"canonical\" href=\"https:\/\/geostudio.net.pl\/\" \/>\n<meta property=\"og:locale\" content=\"pl_PL\" \/>\n<meta property=\"og:type\" content=\"article\" \/>\n<meta property=\"og:title\" content=\"Strona powitalna - GEOSTUDIO Studio geotechniki, geologii-in\u017cynierskiej i hydrogeologii\" \/>\n<meta property=\"og:url\" content=\"https:\/\/geostudio.net.pl\/\" \/>\n<meta property=\"og:site_name\" content=\"GEOSTUDIO Studio geotechniki, geologii-in\u017cynierskiej i hydrogeologii\" \/>\n<meta property=\"article:modified_time\" content=\"2026-02-17T23:05:21+00:00\" \/>\n<meta name=\"twitter:card\" content=\"summary_large_image\" \/>\n<meta name=\"twitter:label1\" content=\"Szacowany czas czytania\" \/>\n\t<meta name=\"twitter:data1\" content=\"1 minuta\" \/>\n<script type=\"application\/ld+json\" class=\"yoast-schema-graph\">{\"@context\":\"https:\/\/schema.org\",\"@graph\":[{\"@type\":\"WebPage\",\"@id\":\"https:\/\/geostudio.net.pl\/\",\"url\":\"https:\/\/geostudio.net.pl\/\",\"name\":\"Strona powitalna - GEOSTUDIO Studio geotechniki, geologii-in\u017cynierskiej i hydrogeologii\",\"isPartOf\":{\"@id\":\"http:\/\/geostudio.net.pl\/#website\"},\"datePublished\":\"2026-02-17T22:13:41+00:00\",\"dateModified\":\"2026-02-17T23:05:21+00:00\",\"breadcrumb\":{\"@id\":\"https:\/\/geostudio.net.pl\/#breadcrumb\"},\"inLanguage\":\"pl-PL\",\"potentialAction\":[{\"@type\":\"ReadAction\",\"target\":[\"https:\/\/geostudio.net.pl\/\"]}]},{\"@type\":\"BreadcrumbList\",\"@id\":\"https:\/\/geostudio.net.pl\/#breadcrumb\",\"itemListElement\":[{\"@type\":\"ListItem\",\"position\":1,\"name\":\"Home\",\"item\":\"https:\/\/geostudio.net.pl\/\"},{\"@type\":\"ListItem\",\"position\":2,\"name\":\"Strona powitalna\"}]},{\"@type\":\"WebSite\",\"@id\":\"http:\/\/geostudio.net.pl\/#website\",\"url\":\"http:\/\/geostudio.net.pl\/\",\"name\":\"GEOSTUDIO Studio geotechniki, geologii-in\u017cynierskiej i hydrogeologii\",\"description\":\"\",\"publisher\":{\"@id\":\"http:\/\/geostudio.net.pl\/#organization\"},\"potentialAction\":[{\"@type\":\"SearchAction\",\"target\":{\"@type\":\"EntryPoint\",\"urlTemplate\":\"http:\/\/geostudio.net.pl\/?s={search_term_string}\"},\"query-input\":{\"@type\":\"PropertyValueSpecification\",\"valueRequired\":true,\"valueName\":\"search_term_string\"}}],\"inLanguage\":\"pl-PL\"},{\"@type\":\"Organization\",\"@id\":\"http:\/\/geostudio.net.pl\/#organization\",\"name\":\"GEOSTUDIO Studio geotechniki, geologii-in\u017cynierskiej i hydrogeologii\",\"url\":\"http:\/\/geostudio.net.pl\/\",\"logo\":{\"@type\":\"ImageObject\",\"inLanguage\":\"pl-PL\",\"@id\":\"http:\/\/geostudio.net.pl\/#\/schema\/logo\/image\/\",\"url\":\"https:\/\/geostudio.net.pl\/wp-content\/uploads\/2026\/02\/LOGOTYP_naglowek_czyt.png\",\"contentUrl\":\"https:\/\/geostudio.net.pl\/wp-content\/uploads\/2026\/02\/LOGOTYP_naglowek_czyt.png\",\"width\":667,\"height\":147,\"caption\":\"GEOSTUDIO Studio geotechniki, geologii-in\u017cynierskiej i hydrogeologii\"},\"image\":{\"@id\":\"http:\/\/geostudio.net.pl\/#\/schema\/logo\/image\/\"}}]}<\/script>\n<!-- \/ Yoast SEO plugin. -->","yoast_head_json":{"title":"Strona powitalna - GEOSTUDIO Studio geotechniki, geologii-in\u017cynierskiej i hydrogeologii","robots":{"index":"index","follow":"follow","max-snippet":"max-snippet:-1","max-image-preview":"max-image-preview:large","max-video-preview":"max-video-preview:-1"},"canonical":"https:\/\/geostudio.net.pl\/","og_locale":"pl_PL","og_type":"article","og_title":"Strona powitalna - GEOSTUDIO Studio geotechniki, geologii-in\u017cynierskiej i hydrogeologii","og_url":"https:\/\/geostudio.net.pl\/","og_site_name":"GEOSTUDIO Studio geotechniki, geologii-in\u017cynierskiej i hydrogeologii","article_modified_time":"2026-02-17T23:05:21+00:00","twitter_card":"summary_large_image","twitter_misc":{"Szacowany czas czytania":"1 minuta"},"schema":{"@context":"https:\/\/schema.org","@graph":[{"@type":"WebPage","@id":"https:\/\/geostudio.net.pl\/","url":"https:\/\/geostudio.net.pl\/","name":"Strona powitalna - GEOSTUDIO Studio geotechniki, geologii-in\u017cynierskiej i hydrogeologii","isPartOf":{"@id":"http:\/\/geostudio.net.pl\/#website"},"datePublished":"2026-02-17T22:13:41+00:00","dateModified":"2026-02-17T23:05:21+00:00","breadcrumb":{"@id":"https:\/\/geostudio.net.pl\/#breadcrumb"},"inLanguage":"pl-PL","potentialAction":[{"@type":"ReadAction","target":["https:\/\/geostudio.net.pl\/"]}]},{"@type":"BreadcrumbList","@id":"https:\/\/geostudio.net.pl\/#breadcrumb","itemListElement":[{"@type":"ListItem","position":1,"name":"Home","item":"https:\/\/geostudio.net.pl\/"},{"@type":"ListItem","position":2,"name":"Strona powitalna"}]},{"@type":"WebSite","@id":"http:\/\/geostudio.net.pl\/#website","url":"http:\/\/geostudio.net.pl\/","name":"GEOSTUDIO Studio geotechniki, geologii-in\u017cynierskiej i hydrogeologii","description":"","publisher":{"@id":"http:\/\/geostudio.net.pl\/#organization"},"potentialAction":[{"@type":"SearchAction","target":{"@type":"EntryPoint","urlTemplate":"http:\/\/geostudio.net.pl\/?s={search_term_string}"},"query-input":{"@type":"PropertyValueSpecification","valueRequired":true,"valueName":"search_term_string"}}],"inLanguage":"pl-PL"},{"@type":"Organization","@id":"http:\/\/geostudio.net.pl\/#organization","name":"GEOSTUDIO Studio geotechniki, geologii-in\u017cynierskiej i hydrogeologii","url":"http:\/\/geostudio.net.pl\/","logo":{"@type":"ImageObject","inLanguage":"pl-PL","@id":"http:\/\/geostudio.net.pl\/#\/schema\/logo\/image\/","url":"https:\/\/geostudio.net.pl\/wp-content\/uploads\/2026\/02\/LOGOTYP_naglowek_czyt.png","contentUrl":"https:\/\/geostudio.net.pl\/wp-content\/uploads\/2026\/02\/LOGOTYP_naglowek_czyt.png","width":667,"height":147,"caption":"GEOSTUDIO Studio geotechniki, geologii-in\u017cynierskiej i hydrogeologii"},"image":{"@id":"http:\/\/geostudio.net.pl\/#\/schema\/logo\/image\/"}}]}},"_links":{"self":[{"href":"https:\/\/geostudio.net.pl\/index.php?rest_route=\/wp\/v2\/pages\/11","targetHints":{"allow":["GET"]}}],"collection":[{"href":"https:\/\/geostudio.net.pl\/index.php?rest_route=\/wp\/v2\/pages"}],"about":[{"href":"https:\/\/geostudio.net.pl\/index.php?rest_route=\/wp\/v2\/types\/page"}],"author":[{"embeddable":true,"href":"https:\/\/geostudio.net.pl\/index.php?rest_route=\/wp\/v2\/users\/1"}],"replies":[{"embeddable":true,"href":"https:\/\/geostudio.net.pl\/index.php?rest_route=%2Fwp%2Fv2%2Fcomments&post=11"}],"version-history":[{"count":14,"href":"https:\/\/geostudio.net.pl\/index.php?rest_route=\/wp\/v2\/pages\/11\/revisions"}],"predecessor-version":[{"id":72,"href":"https:\/\/geostudio.net.pl\/index.php?rest_route=\/wp\/v2\/pages\/11\/revisions\/72"}],"wp:attachment":[{"href":"https:\/\/geostudio.net.pl\/index.php?rest_route=%2Fwp%2Fv2%2Fmedia&parent=11"}],"curies":[{"name":"wp","href":"https:\/\/api.w.org\/{rel}","templated":true}]}}